21
Let l be (1 - (-120)/(0 + -3))/(-3). Let m = -50 + 4. Let q be (-6)/(-1 + m/(-52)). Calculate the highest common factor of q and l.
13
Let i = 1430 - 1420. Let q(d) = 11*d + 4. Let t be q(6). What is the highest common divisor of t and i?
10
Let p(o) = 0 + 7*o - o**2 + 1 + 3*o. Let z be p(8). Let h(a) = -32*a**3 + a**2 - a. Let v be h(-1). Calculate the highest common factor of z and v.
17
Suppose -11*r + 62 = -4. Calculate the greatest common factor of r and 6.
6
Let a(k) = -44*k - 69. Let b be a(-3). What is the highest common factor of 9 and b?
9
Let i be 68/3*9/2. Calculate the highest common divisor of i and 6.
6
Let p = 510 - 434. Calculate the highest common divisor of 4 and p.
4
Suppose -3*k + 2*c + 220 = 0, 5*k + 3*c + 2*c - 375 = 0. Calculate the greatest common divisor of k and 10.
2
Let v be -1 + -1 - ((-5 - 5) + 3). Let u be 5 + ((-12)/(-4) - v). Calculate the greatest common divisor of 3 and u.
3
Suppose -5*k = 4*x - 144, -3*x + 0*x + 20 = k. Calculate the highest common factor of k and 12.
4
Let l = 35 + -31. Suppose -k + l*d + 0*d = -65, -3*d = -5*k + 342. What is the greatest common divisor of 46 and k?
23
Let i be 98 - (-1 - (-3 - 0)). Suppose o = -o + i. Let b be (-4)/(o/(-15) - -3). Calculate the greatest common factor of b and 30.
10
Suppose 0 = -6*x + 32 + 10. Let u be 1155/x*(2 + -1). Calculate the greatest common factor of 15 and u.
15
Suppose 3*y + 3*c = 1182, -y + 4*y + 4*c - 1177 = 0. Let p = -6 - -10. Suppose 0 = -p*g - 3 + y. What is the highest common factor of g and 9?
9
Suppose -4*t = -6*h + 4*h - 64, -2*t + 20 = 2*h. Suppose -3*q + 32 + 10 = 0. What is the greatest common factor of q and t?
14
Let m = 868 + -714. What is the greatest common divisor of m and 14?
14
Let m(u) = -4*u**3 - 5*u**2 + 1. Let j be m(-5). Let z = 208 - 161. What is the highest common factor of z and j?
47
Suppose -2*x + 16 = -2. Suppose 5*g - x - 84 = -2*k, -3*g - 19 = -k. What is the greatest common divisor of 51 and k?
17
Let s = -2 - -14. What is the greatest common factor of 324 and s?
12
Let h = -419 - -588. What is the greatest common factor of 78 and h?
13
Suppose -10*w = -9*w - 16. Suppose 47 = 3*y - b, -53 = -3*y - 3*b - 2*b. What is the greatest common divisor of w and y?
16
Let g be (140/21)/((-12)/(-9)). What is the highest common divisor of g and 80?
5
Let u(m) = m**2 + 1. Let d be u(-2). Suppose -7 = d*o + 3. Let x(h) = -20*h. Let q be x(o). Calculate the greatest common divisor of q and 60.
20
Let c = 71 - -29. What is the highest common factor of c and 50?
50
Suppose g + 10 = 6*g. Suppose 6*r - 3 = 3. Let w be -3 + 2 + r + g. What is the greatest common factor of w and 6?
2
Let y be 1 - (-14 - 0/(-2)). Let o be ((-39)/3)/13*30/(-2). Calculate the greatest common factor of o and y.
15
Let m(b) = 17*b**2 - 15*b - 24. Let q be m(-4). Calculate the highest common divisor of 132 and q.
44
Suppose 0 = 5*u - u - 20. Let o(r) = 2*r**2 - 8*r - 4. Let k be o(u). What is the highest common divisor of 15 and k?
3
Suppose 0 = 2*h - 5*j - 0*j - 11797, 5897 = h - 4*j. What is the highest common divisor of 21 and h?
21
Suppose 0 = -x - 65 + 96. What is the highest common factor of 124 and x?
31
Suppose -2*n = -g + 63, -g - 4*n + 31 = -50. Calculate the greatest common factor of 3 and g.
3
Suppose 35*k - 18610 = -4610. Calculate the highest common factor of 25 and k.
25
Let z(m) = m + 13. Let d(f) = -f - 26. Let u(i) = -6*d(i) - 15*z(i). Let t be u(-11). Calculate the greatest common divisor of t and 30.
30
Suppose 8 = -5*p + 4*r, 2*p = 5*p - 4*r. Let m be (4 + -5)*(p + 1). What is the highest common factor of m and 12?
3
Let g(w) = -2*w + 29. Let v be g(7). Let m(n) = n**2 - 12*n - 21. Let i be m(v). What is the highest common divisor of 72 and i?
24
Let q(f) = f**3 - 3*f**2 - 5*f + 12. Let k be q(4). What is the highest common factor of 28 and k?
4
Suppose 0 = 5*g + 3*m - 110, 3*m - 7*m = 5*g - 110. What is the greatest common factor of 385 and g?
11
Let h(g) = -3*g - 8. Suppose 8*q = 3*q + 50. Let f be (7/2)/(q/(-20)). Let r be h(f). Calculate the highest common divisor of r and 13.
13
Let h(m) = -17*m + 98. Let x be h(-8). Calculate the greatest common divisor of x and 18.
18
Let w be 54/(-36)*2*-2. Let c be 36/90 - (-148)/5. Calculate the greatest common factor of c and w.
6
Suppose -5*c = -o + 8 - 21, -c + 5 = 0. Calculate the greatest common divisor of o and 88.
4
Let j be (-21)/(-14)*(-2024)/(-12). Calculate the highest common divisor of 23 and j.
23
Suppose 0 = y - 23 + 6. Suppose 0 = 4*h - y - 7. Calculate the highest common factor of 48 and h.
6
Let v(n) = -n**3 + 14*n**2 + 14*n + 11. Let z be v(15). Let i(u) = -u**3 + u**2 - 2*u + 3. Let c be i(z). What is the highest common factor of c and 26?
13
Let r(t) = -37*t + 2. Let y be r(-1). Suppose -y = -4*k - 11. What is the greatest common factor of 56 and k?
7
Let i(z) = -z**2 - 15*z - 25. Let j be i(-12). Let g be (9 - j)*(-43 - -1). What is the highest common factor of 12 and g?
12
Let z = 383 - 376. Calculate the greatest common divisor of z and 224.
7
Let l(v) = v**2 + 2*v + 9. Let t be l(-5). Let i be (t/3)/4 + 2. Let d be i/5*20/2. What is the highest common factor of 24 and d?
8
Let l = -57 + 80. Let w = l - 1. What is the greatest common divisor of w and 198?
22
Suppose 0 = -8*o + 7*o + 6. Suppose o*m - 4*m - 10 = 0. Suppose 0*f = -m*f + 550. Calculate the greatest common factor of f and 10.
10
Let x(j) = 6*j**2 + 3. Let y be x(-1). What is the highest common factor of y and 99?
9
Let k(y) = y - 5. Let p be k(7). Let r be (-210)/(-273)*26 + -1 + -1. What is the greatest common factor of r and p?
2
Suppose -4*x = -397 + 45. Let t = x - 73. What is the highest common factor of t and 5?
5
Let c(n) = n**3 + 2*n**2 + 7*n. Let m be c(-3). Suppose -z = 3*z + 72. Let j = z - m. Calculate the highest common divisor of 3 and j.
3
Let p be ((-72)/(-4))/(22/473). What is the greatest common divisor of p and 9?
9
Suppose -3*v - 24 = v. Let c = 7 + v. Let f be c/(-2)*(-18 + -2). What is the greatest common factor of 110 and f?
10
Let y = 19 + -17. Let v be 3 + (y - 3/1). Suppose v*w + w - 24 = 0. Calculate the highest common factor of w and 2.
2
Let c be 1/(-4) + (-287)/4. Let w be ((-2)/3)/(1/c). Let k be (-36)/12 - (-8 + -1). Calculate the greatest common divisor of k and w.
6
Suppose 5*k = 8*k - 4*b - 24, -2*b = -6. Let y be ((-27)/(-12))/(3/16). Suppose 2*q + y = 5*q. What is the highest common divisor of q and k?
4
Let d = -1678 + 1738. Let m(c) = c**2 - 4*c + 4. Let a be m(8). What is the greatest common factor of a and d?
12
Let p = 2041 + -1436. What is the highest common divisor of 55 and p?
55
Suppose -3*v - 25*d = -22*d + 9, -5*v + 3*d + 17 = 0. Calculate the highest common divisor of v and 23.
1
Suppose -96*z + 3*p = -101*z + 139, -69 = -3*z + 3*p. What is the highest common divisor of z and 13?
13
Suppose 2*i - 125 = 5*r, 4*i - r - 190 = -3*r. What is the greatest common divisor of i and 80?
10
Let i = 325 - 308. Calculate the highest common divisor of 17 and i.
17
Suppose 0 = -5*p + z + 211, -3*z + 208 = 5*p - z. Let y = 0 + 3. Suppose 21 = -y*v + 4*v. What is the highest common divisor of p and v?
21
Suppose 3*f + 3*v = 252, -2*v = -3*f + 2*v + 259. What is the greatest common factor of 34 and f?
17
Suppose -5*k + 263 = -u, k - 271 = -4*k - 3*u. Suppose k = 4*i + 17. Let r be (-6 + 3)/(4/(-36)). Calculate the highest common divisor of r and i.
9
Suppose 0*a - 13 = -a. Suppose 22*u - a*u = 207. Calculate the highest common factor of u and 253.
23
Let j(q) = 191*q**2 + 2*q + 1. Let r be j(-1). Let p = r + -42. Calculate the highest common divisor of p and 37.
37
Suppose -7*n = 2*c - 12*n - 48, 0 = 3*n + 6. Calculate the greatest common divisor of c and 589.
19
Let o be (-854)/(-22) + -1 - 222/(-1221). What is the greatest common factor of o and 2?
2
Suppose 0 = -12*u - 606 + 2046. Calculate the highest common factor of u and 60.
60
Suppose -10 - 6 = -2*s. Suppose -4*z + s*z - 47 = -3*g, 3*z = 3*g + 51. What is the highest common divisor of z and 7?
7
Let l be 22/(-5) - 2/(-5). Let f = 35 + -26. Let y = l + f. Calculate the greatest common divisor of y and 35.
5
Suppose 11*g = -4*p + 9*g + 5146, -p + 1276 = 4*g. Calculate the highest common divisor of 46 and p.
46
L